 31444 and 908488?
28
Calculate the greatest common divisor of 273249 and 155394.
873
Calculate the greatest common divisor of 10575 and 70030.
235
Calculate the greatest common factor of 23944 and 7775568.
328
Calculate the greatest common factor of 6956 and 104993716.
148
What is the highest common divisor of 29543076 and 544?
68
Calculate the greatest common factor of 2898990906 and 21.
21
What is the highest common divisor of 6 and 1099642218?
6
What is the greatest common divisor of 90773441 and 9988?
2497
Calculate the greatest common factor of 405764 and 1053188.
1124
What is the greatest common factor of 23691917 and 19?
19
Calculate the greatest common factor of 491679200 and 4800.
800
What is the greatest common divisor of 2310998 and 5?
1
Calculate the greatest common factor of 109306002 and 1164.
582
What is the greatest common factor of 93365 and 12464885?
1315
Calculate the highest common divisor of 21015 and 9810.
45
What is the greatest common factor of 1080590 and 301?
301
Calculate the highest common divisor of 153360 and 5975289.
1917
What is the greatest common divisor of 16520 and 73716370?
4130
What is the greatest common factor of 4199 and 348251?
19
Calculate the highest common divisor of 19063 and 1512909.
1733
Calculate the greatest common divisor of 8141009 and 1797.
599
What is the highest common divisor of 3537547 and 51?
17
What is the greatest common factor of 291245 and 1452467?
1879
Calculate the highest common divisor of 1989 and 27316224.
117
Calculate the greatest common factor of 43258368 and 3072.
1536
What is the greatest common factor of 4845411 and 39159?
2061
What is the greatest common factor of 609565716 and 351?
27
Calculate the greatest common factor of 124 and 9902082.
62
What is the highest common divisor of 42295245 and 1995?
15
Calculate the highest common factor of 210268504 and 15560.
3112
What is the greatest common divisor of 22865 and 264360557?
4573
Calculate the greatest common factor of 2220096 and 43268.
1492
Calculate the greatest common divisor of 79779971 and 61624.
7703
Calculate the greatest common factor of 1475863 and 865.
173
Calculate the highest common divisor of 1315 and 440243853.
263
What is the greatest common factor of 1995 and 232658496?
399
Calculate the greatest common divisor of 2 and 1060718.
2
Calculate the greatest common divisor of 19000776 and 48.
24
What is the highest common factor of 25935 and 259605?
15
Calculate the highest common divisor of 4117 and 184.
23
What is the greatest common divisor of 52467891 and 21?
21
What is the highest common divisor of 10045 and 478675?
205
Calculate the highest common factor of 90307733 and 4143.
1381
Calculate the highest common divisor of 48 and 936798.
6
What is the greatest common divisor of 3120 and 6218670?
30
What is the greatest common factor of 1387 and 431357?
1387
What is the highest common factor of 1 and 31291878?
1
Calculate the highest common divisor of 31277561 and 5.
1
What is the highest common divisor of 207518 and 9232138?
4826
What is the greatest common divisor of 46322 and 23?
23
Calculate the highest common divisor of 102400 and 277760.
1280
What is the highest common divisor of 13 and 74973418?
13
What is the greatest common factor of 496 and 138973?
31
What is the highest common divisor of 83891470 and 27690?
9230
What is the highest common factor of 13 and 14070771?
13
What is the greatest common divisor of 63068560 and 8?
8
What is the greatest common factor of 2842674 and 1336?
334
What is the greatest common divisor of 15 and 3623911365?
15
Calculate the greatest common factor of 78154885 and 95.
95
Calculate the greatest common factor of 47836801 and 1368255.
13031
Calculate the greatest common factor of 94052 and 4450675.
3359
Calculate the greatest common divisor of 112916256 and 6960.
1392
Calculate the greatest common divisor of 15 and 8491293.
3
What is the greatest common divisor of 2154 and 70906449?
1077
Calculate the greatest common factor of 96866833 and 102.
17
What is the highest common factor of 12632475 and 27?
3
What is the greatest common factor of 93 and 24358343?
31
What is the highest common divisor of 47694065 and 5?
5
What is the greatest common divisor of 98870 and 2240?
10
What is the greatest common factor of 87618411 and 3228?
807
What is the greatest common divisor of 7545 and 148377455?
2515
Calculate the greatest common factor of 11037532 and 4664.
44
Calculate the greatest common divisor of 7776 and 3588048.
144
What is the greatest common divisor of 4008064 and 5882?
346
What is the greatest common factor of 257837720 and 840?
280
What is the greatest common divisor of 2240022 and 2244?
102
What is the highest common factor of 5975 and 15865537?
239
What is the greatest common divisor of 149010 and 7500?
30
Calculate the highest common factor of 60 and 11016948.
12
Calculate the highest common divisor of 130487 and 2282191.
2663
Calculate the greatest common divisor of 8470 and 9044420.
770
Calculate the greatest common factor of 246 and 22948602.
246
What is the highest common divisor of 1101030 and 642390?
1470
What is the highest common factor of 143 and 34485495?
11
What is the highest common factor of 157350 and 4808400?
150
Calculate the highest common factor of 7064200 and 65.
65
Calculate the greatest common divisor of 10740170 and 1988.
994
Calculate the greatest common divisor of 1160 and 17027205.
145
What is the highest common divisor of 2755 and 478297?
29
What is the greatest common divisor of 2770977 and 55506?
33
Calculate the highest common factor of 123193 and 41384.
7
Calculate the highest common divisor of 198 and 11052536.
22
Calculate the greatest common factor of 214936 and 20107744.
3208
Calculate the greatest common divisor of 1267414759 and 13.
13
Calculate the highest common divisor of 10925 and 161.
23
Calculate the greatest common divisor of 260557 and 781.
11
Calculate the highest common factor of 381488 and 1243.
113
What is the highest common factor of 597030 and 665?
35
Calculate the greatest common divisor of 33624 and 2322.
18
Calculate the highest common divisor of 4144 and 17328976.
112
Calculate the greatest common factor of 1 and 5018978.
1
What is the greatest common divisor of 790965 and 608715?
3645
Calculate the greatest common divisor of 36540 and 11142.
18
What is the highest common factor of 4269 and 25855910?
1423
What is the greatest common factor of 65332479 and 1581?
51
What is the greatest common factor of 7923 and 9509268?
417
What is the greatest common divisor of 258687 and 29042?
13
What is the greatest common divisor of 11835 and 176805?
45
What is the greatest common divisor of 25857179 and 1141?
163
What is the highest common factor of 2194314 and 7830?
174
Calculate the highest common factor of 140 and 207953410.
70
Calculate the greatest common divisor of 5910118 and 374.
34
Calculate the greatest common divisor of 92136 and 2187183.
1047
Calculate the greatest common divisor of 6172359 and 589.
19
Calculate the highest common divisor of 7 and 132193.
1
What is the greatest common factor of 538 and 724354054?
538
Calculate the greatest common divisor of 9329 and 27607.
19
What is the greatest common factor of 34680 and 1458?
6
Calculate the highest common factor of 262990 and 10530.
130
Calculate the highest common factor of 3 and 344569.
1
What is the greatest common divisor of 1245728052 and 12?
12
What is the greatest common divisor of 1 and 48798422?
1
What is the greatest common factor of 15399448 and 15496?
1192
Calculate the highest common factor of 232 and 9744754.
58
Calculate the highest common factor of 1734 and 2354376648.
1734
What is the greatest common divisor of 93703313 and 132?
11
What is the greatest common factor of 333828 and 6501?
33
What is the highest common divisor of 51760 and 168867?
647
What is the highest common divisor of 17019 and 2237175?
549
What is the highest common divisor of 56446 and 53066?
338
Calculate the highest common factor of 18291585 and 1235.
1235
What is the highest common factor of 30935 and 121?
1
What is the greatest common factor of 43925 and 1145?
5
Calculate the highest common factor of 546 and 7491666.
546
Calculate the highest common divisor o